What is o(-13)?
-11
Let p(b) = 5*b - 567. Determine p(49).
-322
Let y(p) = -65*p + 2368. Give y(37).
-37
Let n(h) = -h**2 - 9*h + 1534. What is n(34)?
72
Let u(s) = 5*s**2 - 87*s + 92. What is u(15)?
-88
Let d(s) = s**3 + 44*s**2 + 426*s + 64. Determine d(-30).
-116
Let l(m) = m**3 - 14*m**2 - 114*m + 1479. Calculate l(15).
-6
Let w(q) = q**2 + 9*q - 49. Give w(0).
-49
Let i(s) = 6*s**3 - 139*s**2 + 30*s - 159. Give i(23).
2
Let n(k) = 229*k - 676. Calculate n(3).
11
Let y(o) = 2*o**2 - 13*o + 41. Give y(7).
48
Let p(s) = s**2 - 187*s + 8596. Calculate p(106).
10
Let u(j) = 98*j - 558. Determine u(6).
30
Let s(z) = -z**3 - 23*z**2 - 18*z - 19. Determine s(-22).
-107
Let p(i) = 3*i**2 - 10. Determine p(4).
38
Let a(l) = -37*l**2 - 28*l - 46. What is a(-2)?
-138
Let b(x) = -5*x**2 - 452*x + 2677. What is b(-96)?
-11
Let y(a) = -36*a + 968. Determine y(28).
-40
Let g(i) = -i**3 - 6*i**2 + 15*i + 67. Calculate g(-8).
75
Let n(q) = -421*q + 1130. What is n(3)?
-133
Let w(s) = -s**3 - 4*s**2 + 5*s + 17. What is w(-4)?
-3
Let v(u) = -3*u**3 - 4*u**2 + 9*u + 13. Determine v(4).
-207
Let d(q) = -29*q - 676. Calculate d(-29).
165
Let s(p) = -43*p + 305. What is s(8)?
-39
Let y(c) = -c**2 + 448*c + 1817. What is y(-4)?
9
Let u(b) = -b**3 - 12*b**2 + 71*b + 116. What is u(-16)?
4
Let s(d) = d**3 - 31*d**2 - 315*d + 166. What is s(39)?
49
Let t(n) = -892*n + 922. What is t(1)?
30
Let v(w) = 94*w**3 + 2350*w**2 - 7. Calculate v(-25).
-7
Let d(t) = 5*t**2 - 136*t - 420. What is d(30)?
0
Let x(y) = 3*y**2 - 99*y - 841. Determine x(40).
-1
Let f(t) = -10*t**2 - 30*t + 8. Give f(-6).
-172
Let u(v) = 14*v**2 + 6*v - 1. Determine u(-3).
107
Let n(s) = -s**2 - 397*s + 8785. Determine n(21).
7
Let d(f) = -2*f**3 - 9*f**2 + 7*f + 13. Give d(-6).
79
Let u(i) = -i**2 + 16*i + 83. Determine u(-4).
3
Let u(c) = c**3 - 31*c**2 - 1320*c + 26. Give u(-24).
26
Let p(b) = -15*b**2 - 210*b + 3600. Determine p(10).
0
Let f(s) = -s**3 + 45*s**2 - 506*s + 49. Determine f(24).
1
Let n(m) = -m**3 - 75*m**2 - 69*m + 182. Determine n(-74).
-188
Let x(v) = -6*v**2 + 20*v - 6. Give x(1).
8
Let u(f) = 68*f**2 + 8*f + 12. Determine u(-1).
72
Let u(k) = 2042*k - 33. What is u(0)?
-33
Let i(f) = -996*f + 966. What is i(1)?
-30
Let t(m) = m**2 - 16*m + 64. Give t(5).
9
Let k(w) = -w**2 - 5*w + 31. What is k(3)?
7
Let c(g) = 2*g**2 - 6*g + 42. Give c(10).
182
Let y(p) = 19*p + 318. What is y(-17)?
-5
Let s(l) = l**3 + 19*l**2 + 64*l + 260. Give s(-16).
4
Let t(m) = m**3 - 2*m - 1. Calculate t(1).
-2
Let f(a) = a**3 - 44*a**2 + 102*a + 7. What is f(41)?
-854
Let l(h) = 688*h - 5491. What is l(8)?
13
Let i(g) = 3032*g + 24258. What is i(-8)?
2
Let f(d) = 2*d**3 + 13*d**2 + 42*d + 195. Give f(-9).
-588
Let v(a) = -933*a - 15847. Determine v(-17).
14
Let y(m) = -m**2 + 15*m + 815. Determine y(37).
1
Let o(q) = q**3 - 14*q**2 - 4*q + 8. Give o(14).
-48
Let j(s) = -4774*s + 105012. What is j(22)?
-16
Let j(z) = 5*z**3 + 13*z**2 - 53*z - 130. Give j(-3).
11
Let z(i) = -7*i**3 + 161*i**2 - 5*i + 80. Calculate z(23).
-35
Let l(m) = -7*m - 83. Determine l(-8).
-27
Let o(w) = -w**3 + 30*w**2 - 64*w + 54. Determine o(28).
-170
Let k(b) = -7*b**2 + 89*b + 22. Calculate k(13).
-4
Let a(z) = 170*z - 1850. Calculate a(11).
20
Let b(j) = 2*j**3 + 178*j**2 - 218*j - 3422. Give b(-90).
-2
Let u(a) = -199*a + 1961. Calculate u(9).
170
Let z(j) = -2*j**2 + 48*j + 64. Give z(23).
110
Let l(t) = t**2 + 111*t + 2520. Give l(-32).
-8
Let r(o) = 169*o + 1696. Calculate r(-10).
6
Let v(b) = -42*b + 588. What is v(13)?
42
Let k(f) = -f**3 + 9*f**2 - 29*f + 256. Calculate k(9).
-5
Let j(p) = -87*p**2 - 106*p - 2. Calculate j(-2).
-138
Let i(l) = 27*l**2 + 18. Determine i(-4).
450
Let b(h) = 3410*h + 20415. What is b(-6)?
-45
Let d(a) = -a**2 - 49*a + 6. What is d(12)?
-726
Let c(t) = 5*t**3 - 63*t**2 + 34*t + 23. What is c(12)?
-1
Let k(s) = -78*s - 2338. What is k(-30)?
2
Let m(o) = 6*o**3 + 9*o**2 + 7*o + 8. What is m(-2)?
-18
Let w(m) = 2923*m + 5844. Determine w(-2).
-2
Let i(j) = -j**3 + 133*j**2 + 685*j + 686. Give i(138).
-4
Let f(q) = -5993*q - 323626. What is f(-54)?
-4
Let j(v) = -v**3 - 2*v**2 - 747*v - 2989. Calculate j(-4).
31
Let b(m) = -28*m**3 - m**2 - 17*m + 16. Determine b(1).
-30
Let n(z) = -z**3 - 28*z**2 - 13*z + 376. What is n(-27)?
-2
Let k(i) = 1973*i + 5954. Calculate k(-3).
35
Let i(g) = -80*g - 3899. Give i(-49).
21
Let w(i) = 5*i**2 - 27*i + 305. What is w(9)?
467
Let s(y) = 1884*y - 11253. Determine s(6).
51
Let i(r) = -2*r**3 - 7*r**2 + 8*r - 2. Calculate i(1).
-3
Let s(k) = -6*k**3 - 24*k**2 + 22*k + 86. What is s(-4)?
-2
Let h(p) = p**2 - 948*p + 33708. What is h(37)?
1
Let v(l) = -126*l**2 + 19655*l + 134. What is v(156)?
-22
Let t(o) = -3783*o + 7551. Calculate t(2).
-15
Let m(w) = -3*w**2 + 38*w + 196. Determine m(17).
-25
Let x(y) = y**2 + 33*y + 277. What is x(-11)?
35
Let j(m) = m**3 + 62*m**2 + 30*m + 1968. Determine j(-62).
108
Let q(v) = -11*v**2 + 254*v + 3. Give q(23).
26
Let g(c) = 15*c + 465. What is g(-27)?
60
Let j(o) = -9*o**3 - 72*o**2 - 15*o - 155. Calculate j(-8).
-35
Let k(s) = 2*s**3 + 11*s**2 + 8*s - 15. Calculate k(-5).
-30
Let l(x) = -19*x**2 - 1191*x + 1193. Calculate l(1).
-17
Let t(p) = 8*p - 28. Calculate t(7).
28
Let s(z) = -z**3 + 12*z**2 - 1185*z + 14221. Give s(12).
1
Let v(l) = 2*l**3 + 15*l**2 - 18*l - 2. What is v(-8)?
78
Let w(g) = -2*g**3 + 6*g**2 - 27*g - 24. Give w(-1).
11
Let o(v) = -2*v**2 - 66*v + 220. Give o(-36).
4
Let d(g) = -59*g - 124. Determine d(-2).
-6
Let j(d) = -3*d + 187. What is j(62)?
1
Let t(y) = 175*y - 4206. Determine t(24).
-6
Let u(j) = 4*j + 61. What is u(19)?
137
Let w(z) = -z**3 - 38*z**2 - 409*z - 904. What is w(-16)?
8
Let n(y) = -y**2 + 35*y + 229. Determine n(41).
-17
Let q(r) = r**2 + 247*r - 3924. What is q(15)?
6
Let q(k) = 37*k + 250. Calculate q(-5).
65
Let h(x) = -x**3 - 36*x**2 - 55*x + 3079. Determine h(-31).
-21
Let s(d) = -487*d - 9. Give s(0).
-9
Let f(s) = -3*s**2 + 86*s + 886. Determine f(-10).
-274
Let g(j) = -j**3 + 8*j**2 + 21*j + 44. Give g(11).
-88
Let z(r) = -3*r**3 - 12*r**2 + 191*r + 799. Give z(-4).
35
Let f(j) = 3*j**2 + 139*j + 428. Give f(-43).
-2
Let t(b) = 57*b**2 - 1324*b + 309. What is t(23)?
10
Let y(h) = -h**2 - 37*h - 341. Calculate y(-15).
-11
Let l(a) = -21*a**2 - 515*a - 1161. Give l(-22).
5
Let w(q) = -232*q + 2091. Give w(9).
3
Let f(u) = 2*u**2 - 90*u + 734. Determine f(8).
142
Let o(h) = 2*h**2 + 22*h + 63. Determine o(-4).
7
Let s(n) = 2*n**2 - 90*n - 500. Calculate s(50).
0
Let b(n) = n**2 + 490*n - 16708. Determine b(32).
-4
Let h(o) = 23*o + 218. What is h(-10)?
-12
Let s(x) = 5*x**3 + 97*x**2 + 52*x + 272. Calculate s(-19).
6
Let o(t) = t**3 + 12*t**2 + 29*t - 14. Determine o(-9).
-32
Let j(r) = -145*r - 529. Give j(-4).
51
Let s(w) = -2*w**3 + 92*w**2 - 6*w + 257. Give s(46).
-19
Let o(z) = -8773*z + 61411. What is o(7)?
0
Let m(v) = 9*v**2 - 195*v + 24. Calculate m(22).
90
Let h(z) = -8*z**2 - 220*z + 86. Calculate h(-28).
-26
Let n(w) = -1362*w + 178425. Give n(131).
3
Let k(s) = 49*s + 560. Determine k(-11).
21
Let b(s) = 52*s - 379. Give b(7).
-15
Let s(t) = -172*t + 2708. Determine s(13).
472
Let g(l) = -3*l**2 + 63*l - 152. Calculate g(23).
-290
Let d(p) = p**3 - 116*p - 37. Give d(-11).
-92
Let d(f) = -3*f**3 + 11*f**2 - 11*f + 39. Determine d(4).
-21
Let g(b) = b**3 - 15*b**2 - 92*b + 1375. Determine g(15).
-5
Let x(g) = -g**3 + 10*g**2 - 16*g + 24. Give x(10).
-136
Let r(m) = -201*m + 2209. What is r(11)?
-2
Let t(u) = -6704*u + 214520. What is t(32)?
-8
Let o(r) = r**3 - 73*r**2 + 465*r - 302. Determine o(66).
-104
Let y(h) = -2752*h - 41262. What is y(-15)?
18
Let u(r) = -44*r**2 - 616*r - 2. Give u(-14).
-2
Let d(n) = -n**2 - 24*n - 175. What is d(-7)?
-56
Let s(g) = g**3 + 7*g**2 - 23*g + 14. Calculate s(3).
35
Let x(f) = 5*f + 192. Determine x(-7).
157
Let s(i) = -3*i**2 + 46*i + 61. Give s(15).
76
Let z(f) = 71*f**2 - 141*f - 12. Give z(2).
-10
Let m(q) = -84*q + 2410. What is m(25)?
310
Let v(h) = h**2 + 15*h - 178. What is v(14)?
228
Let r(y) = -y**3 + 216*y**2 - 4092*y - 584. Determine r(195).
1
Let h(f) = -28*f**3 - 2*f**2 - 6*f - 12. Calculate h(-2).
216
Let t(a) = -4*a**3 - 28*a**2 - 4*a + 24. Calculate t(-7).
52
Let q(f) = f**3 + 19*f**2 + 21*f - 427.